{"id":2,"date":"2011-03-30T09:44:18","date_gmt":"2011-03-30T07:44:18","guid":{"rendered":"http:\/\/www.zohumpolec.cz\/?page_id=2"},"modified":"2025-09-08T09:07:27","modified_gmt":"2025-09-08T07:07:27","slug":"uvodni-strana","status":"publish","type":"page","link":"https:\/\/www.zohumpolec.cz\/","title":{"rendered":"\u00davodn\u00ed strana"},"content":{"rendered":"<blockquote>\n<h1 style=\"text-align: center;\"><span style=\"color: #008000;\"><strong><span style=\"font-family: Arial; font-size: high;\">V\u00edt\u00e1me V\u00e1s na webu\u00a0ZO \u010cSCH Humpolec<\/span><\/strong><\/span><\/h1>\n<\/blockquote>\n<div style=\"position: absolute; left: -4722px; width: 1000px;\">Viagra er tilgjengelig i fire forskjellige styrker: 25 mg, 50 mg, 100 mg og 200 mg. I v\u00e5rt nettapotek er prisen p\u00e5 en Viagra-pakke 31 kr \/ 100 mg tabletter, frakt er inkludert i prisen. Vi tilbyr en telemedisintjeneste som gj\u00f8r det enkelt \u00e5 kj\u00f8pe Viagra uten resept og <a href=\"https:\/\/potensmiddel-norge.com\/\">potenspiller for menn<\/a> i Norge. De fleste generiske legemidler, inkludert generisk Viagra, er produsert av Mylan, Sandoz, Pfizer og Teva.<\/div>\n<p style=\"text-align: center;\"><strong>Posledn\u00ed aktualizace:<\/strong> 08. 09. 2025 &#8211; Vlo\u017een katalog 2025<\/p>\n<p style=\"text-align: center;\">\n<h2 style=\"text-align: center;\"><\/h2>\n<h1 style=\"text-align: center;\"><span style=\"color: #ff0000;\"><strong><a style=\"color: #ff0000;\" href=\"http:\/\/www.zohumpolec.cz\/Katalog_2025.pdf\" target=\"_blank\" rel=\"noopener\">Katalog v\u00fdstavy 2025 zde<\/a><\/strong><\/span><\/h1>\n<p>&nbsp;<\/p>\n<hr \/>\n<p style=\"text-align: center;\"><a href=\"https:\/\/www.zohumpolec.cz\/wp-content\/uploads\/2024\/09\/Katalog-2024.pdf\" target=\"_blank\" rel=\"attachment noopener wp-att-1227\"><span style=\"color: #000000;\"><strong>Katalog z v\u00fdstavy 2024 zde<\/strong><\/span><\/a><\/p>\n<p style=\"text-align: center;\"><strong><a href=\"http:\/\/www.zohumpolec.cz\/Katalog_2023.pdf\" target=\"_blank\" rel=\"noopener\"><span style=\"color: #ff0000;\"><span style=\"color: #000000;\">Katalog v\u00fdstavy 2023 zde<\/span><\/span><\/a><\/strong><\/p>\n<p style=\"text-align: center;\"><strong><a href=\"http:\/\/www.zohumpolec.cz\/katalog_2022.pdf\" target=\"_blank\" rel=\"noopener\"><span style=\"color: #ff0000;\"><span style=\"color: #000000;\">Katalog v\u00fdstavy 2022 zde<\/span><\/span><\/a><\/strong><\/p>\n<p style=\"text-align: center;\"><span style=\"color: #000000;\"><a style=\"color: #000000;\" href=\"http:\/\/www.zohumpolec.cz\/katalog_2021.pdf\" target=\"_blank\" rel=\"noopener\"><strong>Katalog v\u00fdstavy 2021 zde<\/strong><\/a><\/span><\/p>\n<p style=\"text-align: center;\"><span style=\"color: #000000;\"><strong><a style=\"color: #000000;\" href=\"http:\/\/www.zohumpolec.cz\/?page_id=32\">Fotky z v\u00fdstavy 2020 zde<\/a><\/strong><\/span><\/p>\n<p style=\"text-align: center;\"><span style=\"color: #000000;\"><a style=\"color: #000000;\" href=\"http:\/\/www.zohumpolec.cz\/wp-content\/uploads\/2020\/08\/katalog_2020.pdf\"><strong>Katalog v\u00fdstavy 2020 zde<\/strong><\/a><\/span><\/p>\n<p><a style=\"position: absolute; top: -3285px;\" href=\"https:\/\/www.eorl.cz\/volny-prodej-cialis-bez-receptu\/\">voln\u00fd prodej cialis<\/a><\/p>\n<p style=\"text-align: center;\"><span style=\"color: #000000;\"><a style=\"color: #000000;\" href=\"http:\/\/www.zohumpolec.cz\/wp-content\/uploads\/2019\/08\/katalog_2019.pdf\"><strong>Katalog v\u00fdstavy 2019 zde<\/strong><\/a><\/span><\/p>\n<p style=\"text-align: center;\"><span style=\"color: #000000;\"><strong><a style=\"color: #000000;\" href=\"http:\/\/www.zohumpolec.cz\/?page_id=32\">Fotky z v\u00fdstavy 2018 ZDE<\/a><\/strong><\/span><\/p>\n<p style=\"text-align: center;\"><span style=\"color: #000000;\"><strong><a style=\"color: #000000;\" href=\"http:\/\/www.zohumpolec.cz\/Katalog_2018.pdf\">Katalog z v\u00fdstavy 2018 ZDE<\/a><\/strong><\/span><\/p>\n<p style=\"text-align: center;\"><span style=\"color: #000000;\"><strong><a style=\"color: #000000;\" href=\"http:\/\/www.zohumpolec.cz\/wp-content\/uploads\/2011\/03\/Katalog_2017-1.pdf\">Katalog\u00a0z v\u00fdstavy 2017 v\u010detn\u011b v\u00fdsledk\u016f ke sta\u017een\u00ed zde<\/a><\/strong><\/span><\/p>\n<p style=\"text-align: center;\"><span style=\"color: #000000;\"><a style=\"color: #000000;\" href=\"http:\/\/www.zohumpolec.cz\/?page_id=32\"><strong>Fotky\u00a0z v\u00fdstavy 2017 zde<\/strong><\/a><\/span><\/p>\n<p style=\"text-align: center;\"><span style=\"color: #000000;\"><strong><a style=\"color: #000000;\" href=\"http:\/\/www.zohumpolec.cz\/wp-content\/uploads\/2011\/03\/Katalog_2016.pdf\">Katalog\u00a0z v\u00fdstavy 2016 v\u010detn\u011b v\u00fdsledk\u016f zde<\/a><\/strong><\/span><\/p>\n<p style=\"text-align: center;\"><span style=\"color: #000000;\"><strong><a style=\"color: #000000;\" href=\"http:\/\/www.zohumpolec.cz\/?page_id=32\">Fotografie z v\u00fdstavy 2016 ve fotogalerii<\/a><\/strong><\/span><\/p>\n<hr \/>\n<p style=\"text-align: justify;\"><span style=\"color: #000000;\"><strong>ZO \u010cSCH Humpolec<\/strong> (z\u00e1kladn\u00ed organizace \u010desk\u00e9ho svazu chovatel\u016f) se nach\u00e1z\u00ed v chovatelsk\u00e9m are\u00e1lu v Jihlavsk\u00e9 ulici. Are\u00e1l je um\u00edst\u011bn v ze<\/span>len\u00e9m prost\u0159ed\u00ed na klidn\u00e9m m\u00edst\u011b. Sm\u011brem na v\u00fdchodn\u00ed sv\u011btovou stranu se v d\u00e1li r\u00fdsuje silueta z\u0159\u00edceniny hradu Orl\u00edk. Organizace byla zalo\u017eena r. 1937. T\u011bsn\u011b po v\u00e1lce zde bylo evidov\u00e1no 400 \u010dlen\u016f.\u00a0 K 1. 1. 2016 m\u011bla na\u0161e z\u00e1kladn\u00ed organizace \u010dlen\u016f 42, z toho \u010dty\u0159i mlad\u00e9 chovatele.\u00a0 V roce 1984 byla postavena zd\u011bn\u00e1 budova s kancel\u00e1\u0159sk\u00fdm, restaura\u010dn\u00edm a soci\u00e1ln\u00edm prostorem.\u00a0 Venkovn\u00ed prostory obklopen\u00e9 zelen\u00ed poskytuj\u00ed p\u0159\u00edjemn\u00e9 prost\u0159ed\u00ed pro prezentaci chovatelsk\u00fdch \u00fasp\u011bch\u016f nejen m\u00edstn\u00edch chovatel\u016f, ale i p\u0159\u00e1tel nejen z okoln\u00edch organizac\u00ed.<\/p>\n<p style=\"text-align: center;\"><a href=\"http:\/\/www.zohumpolec.cz\/wp-content\/uploads\/2011\/03\/2016.jpg\"><img decoding=\"async\" class=\"aligncenter size-full wp-image-478\" src=\"http:\/\/www.zohumpolec.cz\/wp-content\/uploads\/2011\/03\/2016.jpg\" alt=\"\" width=\"300\" srcset=\"https:\/\/www.zohumpolec.cz\/wp-content\/uploads\/2011\/03\/2016.jpg 800w, https:\/\/www.zohumpolec.cz\/wp-content\/uploads\/2011\/03\/2016-300x225.jpg 300w\" sizes=\"(max-width: 800px) 100vw, 800px\" \/><\/a><\/p>\n<p style=\"text-align: left;\">Pravidlem jsou ka\u017edoro\u010dn\u00ed chovatelsk\u00e9 v\u00fdstavy, prob\u00edhaj\u00edc\u00ed o v\u00edkendu v m\u011bs\u00edci srpnu, obvykle v pr\u016fb\u011bhu Zlat\u00e9 podkovy. Za n\u00edzk\u00e9 vstupn\u00e9 je nab\u00edzena velk\u00e1 pod\u00edvan\u00e1. N\u00e1v\u0161t\u011bvn\u00edk m\u016f\u017ee spat\u0159it rozmanit\u00e1 plemena kr\u00e1l\u00edk\u016f, holub\u016f, dr\u016fbe\u017ee i ovce, nutrie a exotick\u00e9 ptactvo.<\/p>\n<div id=\"_mcePaste\" class=\"mcePaste\" style=\"position: absolute; left: -10000px; top: 0px; width: 1px; height: 1px; overflow: hidden;\">5302.w2.wedos.net<strong>ZO \u010cSCH Humpolec<\/strong> (z\u00e1kladn\u00ed organizace \u010desk\u00e9ho svazu chovatel\u016f) se nach\u00e1z\u00ed v chovatelsk\u00e9m are\u00e1lu v Jihlavsk\u00e9 ulici. Are\u00e1l je um\u00edst\u011bn v zelen\u00e9m prost\u0159ed\u00ed na klidn\u00e9m m\u00edst\u011b. Sm\u011brem na v\u00fdchodn\u00ed sv\u011btovou stranu se v d\u00e1li r\u00fdsuje silueta z\u0159\u00edceniny hradu Orl\u00edk (viz. logo nad menu). Organizace byla zalo\u017eena r. 1937, roku 2007 tedy oslavila jubilejn\u00edch 70 let. P\u0159ibli\u017en\u011b p\u0159ed t\u0159iceti lety byla postavena zd\u011bn\u00e1 budova s kancel\u00e1\u0159sk\u00fdm, restaura\u010dn\u00edm a soci\u00e1ln\u00edm prostorem (viz. foto dole). V sou\u010dasn\u00e9 dob\u011b m\u00e1 p\u0159es dvacet st\u00e1l\u00fdch \u010dlen\u016f.<\/div>\n","protected":false},"excerpt":{"rendered":"<p>V\u00edt\u00e1me V\u00e1s na webu\u00a0ZO \u010cSCH Humpolec Viagra er tilgjengelig i fire forskjellige styrker: 25 mg, 50 mg, 100 mg og 200 mg. I v\u00e5rt nettapotek er prisen p\u00e5 en Viagra-pakke 31 kr \/ 100 mg tabletter, frakt er inkludert i prisen. Vi tilbyr en telemedisintjeneste som gj\u00f8r det enkelt \u00e5 kj\u00f8pe Viagra uten resept og [&hellip;]<\/p>\n","protected":false},"author":1,"featured_media":0,"parent":0,"menu_order":0,"comment_status":"closed","ping_status":"closed","template":"","meta":{"footnotes":""},"_links":{"self":[{"href":"https:\/\/www.zohumpolec.cz\/index.php?rest_route=\/wp\/v2\/pages\/2"}],"collection":[{"href":"https:\/\/www.zohumpolec.cz\/index.php?rest_route=\/wp\/v2\/pages"}],"about":[{"href":"https:\/\/www.zohumpolec.cz\/index.php?rest_route=\/wp\/v2\/types\/page"}],"author":[{"embeddable":true,"href":"https:\/\/www.zohumpolec.cz\/index.php?rest_route=\/wp\/v2\/users\/1"}],"replies":[{"embeddable":true,"href":"https:\/\/www.zohumpolec.cz\/index.php?rest_route=%2Fwp%2Fv2%2Fcomments&post=2"}],"version-history":[{"count":218,"href":"https:\/\/www.zohumpolec.cz\/index.php?rest_route=\/wp\/v2\/pages\/2\/revisions"}],"predecessor-version":[{"id":1242,"href":"https:\/\/www.zohumpolec.cz\/index.php?rest_route=\/wp\/v2\/pages\/2\/revisions\/1242"}],"wp:attachment":[{"href":"https:\/\/www.zohumpolec.cz\/index.php?rest_route=%2Fwp%2Fv2%2Fmedia&parent=2"}],"curies":[{"name":"wp","href":"https:\/\/api.w.org\/{rel}","templated":true}]}}